{"id":226,"date":"2023-03-29T12:45:24","date_gmt":"2023-03-29T12:45:24","guid":{"rendered":"https:\/\/zeneielmenyprogram.hu\/?page_id=226"},"modified":"2025-01-26T08:49:34","modified_gmt":"2025-01-26T08:49:34","slug":"maganszemelyeknek","status":"publish","type":"page","link":"https:\/\/zeneielmenyprogram.hu\/en\/maganszemelyeknek\/","title":{"rendered":"MAG\u00c1NSZEM\u00c9LYEKNEK"},"content":{"rendered":"<ul class=\"wp-block-list\">\n<li><a href=\"https:\/\/zeneielmenyprogram.hu\/en\/maganszemelyeknek\/hangstudio-tura\/\"><strong>HANGST\u00daDI\u00d3 T\u00daRA &#8211; IHLETT\u0150L A HANGFALIG &#8211; KOVACSICS \u00c1D\u00c1MMAL<\/strong><\/a><br>Az 1 \u00f3r\u00e1s id\u0151tartam alatt elkezd\u0151dik a dal\u00edr\u00e1s folyamata, \u00c1d\u00e1m beavat Titeket a dalszerz\u00e9s kulisszatitkaiba.<\/li>\n<\/ul>\n\n\n\n<ul class=\"wp-block-list\">\n<li><a href=\"https:\/\/zeneielmenyprogram.hu\/en\/maganszemelyeknek\/enekfelvetel-a-unique-kal\/\"><strong>\u00c9NEKFELV\u00c9TEL: 1.\/ KOVACSICS \u00c1D\u00c1MMAL, VAGY 2.\/ V\u00d6LGYESI GABIVAL \u00c9S KOVACSICS \u00c1D\u00c1MMAL<\/strong><\/a><br>\u00c9nekelj a legjobb form\u00e1d szerint \u00e9s halld \u00fagy a hangod, ahogy m\u00e9g soha! A Unique profi hangst\u00fadi\u00f3j\u00e1ban ehhez szakmai seg\u00edts\u00e9get ny\u00fajt Kovacsics \u00c1d\u00e1m, dalszerz\u0151-producer \u00e9s V\u00f6lgyesi Gabi \u00e9nekes-el\u0151ad\u00f3m\u0171v\u00e9sz.<\/li>\n<\/ul>\n\n\n\n<ul class=\"wp-block-list\">\n<li><a href=\"https:\/\/zeneielmenyprogram.hu\/en\/cegeknek\/dalszerzo-elmenyprogram\/\"><strong>DALSZERZ\u0150 \u00c9LM\u00c9NYPROGRAM: V\u00d6LGYESI GABIVAL \u00c9S KOVACSICS \u00c1D\u00c1MMAL<\/strong><\/a><br>A Unique egy\u00fcttes profi tagjai, V\u00f6lgyesi Gabi \u00e9s Kovacsics \u00c1d\u00e1m beavatnak a dalszerz\u00e9s fort\u00e9lyaiba, szem\u00e9lyes sztorijaikkal f\u0171szerezve. Kapcsolj ki a sz\u00fcrke h\u00e9tk\u00f6znapokb\u00f3l \u00e9s alkoss a zene vil\u00e1g\u00e1ban! Pr\u00f3b\u00e1ld ki magad zenei producerk\u00e9nt\/ zeneszerz\u0151k\u00e9nt\/ el\u0151ad\u00f3k\u00e9nt!<\/li>\n<\/ul>\n\n\n\n<ul class=\"wp-block-list\">\n<li><a href=\"https:\/\/zeneielmenyprogram.hu\/en\/cegeknek\/a-mi-dalunk\/\"><strong>\u201eA MI DALUNK\u201d \u2013 EGYEDI, SZEM\u00c9LYRE SZ\u00d3L\u00d3 DALSZERZ\u00c9S, V\u00d6LGYESI GABIVAL, KOVACSICS \u00c1D\u00c1MMAL \u00c9S MAJOR ESZTERREL<\/strong><\/a><br>Szeretn\u00e9tek valami igaz\u00e1n egyedit, ami csakis a R\u00f3latok sz\u00f3l? Legyen saj\u00e1t dalotok! Aj\u00e1nljuk esk\u00fcv\u0151re, \u00e9vfordul\u00f3ra vagy kisbab\u00e1tok \u00e9rkez\u00e9se miatt, de ak\u00e1r a mindennapok meg\u00f6r\u00f6k\u00edt\u00e9se c\u00e9lj\u00e1b\u00f3l is.<\/li>\n<\/ul>\n\n\n\nngg_shortcode_0_placeholder","protected":false},"excerpt":{"rendered":"","protected":false},"author":1,"featured_media":0,"parent":0,"menu_order":0,"comment_status":"closed","ping_status":"closed","template":"","meta":{"ngg_post_thumbnail":0,"_themeisle_gutenberg_block_has_review":false,"footnotes":""},"class_list":["post-226","page","type-page","status-publish","hentry"],"_links":{"self":[{"href":"https:\/\/zeneielmenyprogram.hu\/en\/wp-json\/wp\/v2\/pages\/226","targetHints":{"allow":["GET"]}}],"collection":[{"href":"https:\/\/zeneielmenyprogram.hu\/en\/wp-json\/wp\/v2\/pages"}],"about":[{"href":"https:\/\/zeneielmenyprogram.hu\/en\/wp-json\/wp\/v2\/types\/page"}],"author":[{"embeddable":true,"href":"https:\/\/zeneielmenyprogram.hu\/en\/wp-json\/wp\/v2\/users\/1"}],"replies":[{"embeddable":true,"href":"https:\/\/zeneielmenyprogram.hu\/en\/wp-json\/wp\/v2\/comments?post=226"}],"version-history":[{"count":17,"href":"https:\/\/zeneielmenyprogram.hu\/en\/wp-json\/wp\/v2\/pages\/226\/revisions"}],"predecessor-version":[{"id":1108,"href":"https:\/\/zeneielmenyprogram.hu\/en\/wp-json\/wp\/v2\/pages\/226\/revisions\/1108"}],"wp:attachment":[{"href":"https:\/\/zeneielmenyprogram.hu\/en\/wp-json\/wp\/v2\/media?parent=226"}],"curies":[{"name":"wp","href":"https:\/\/api.w.org\/{rel}","templated":true}]}}

MAGÁNSZEMÉLYEKNEK

<ul class="wp-block-list">
<li><a href="https://zeneielmenyprogram.hu/en/maganszemelyeknek/hangstudio-tura/"><strong>HANGSTÚDIÓ TÚRA &#8211; IHLETTŐL A HANGFALIG &#8211; KOVACSICS ÁDÁMMAL</strong></a><br>Az 1 órás időtartam alatt elkezdődik a dalírás folyamata, Ádám beavat Titeket a dalszerzés kulisszatitkaiba.</li>
</ul>



<ul class="wp-block-list">
<li><a href="https://zeneielmenyprogram.hu/en/maganszemelyeknek/enekfelvetel-a-unique-kal/"><strong>ÉNEKFELVÉTEL: 1./ KOVACSICS ÁDÁMMAL, VAGY 2./ VÖLGYESI GABIVAL ÉS KOVACSICS ÁDÁMMAL</strong></a><br>Énekelj a legjobb formád szerint és halld úgy a hangod, ahogy még soha! A Unique profi hangstúdiójában ehhez szakmai segítséget nyújt Kovacsics Ádám, dalszerző-producer és Völgyesi Gabi énekes-előadóművész.</li>
</ul>



<ul class="wp-block-list">
<li><a href="https://zeneielmenyprogram.hu/en/cegeknek/dalszerzo-elmenyprogram/"><strong>DALSZERZŐ ÉLMÉNYPROGRAM: VÖLGYESI GABIVAL ÉS KOVACSICS ÁDÁMMAL</strong></a><br>A Unique együttes profi tagjai, Völgyesi Gabi és Kovacsics Ádám beavatnak a dalszerzés fortélyaiba, személyes sztorijaikkal fűszerezve. Kapcsolj ki a szürke hétköznapokból és alkoss a zene világában! Próbáld ki magad zenei producerként/ zeneszerzőként/ előadóként!</li>
</ul>



<ul class="wp-block-list">
<li><a href="https://zeneielmenyprogram.hu/en/cegeknek/a-mi-dalunk/"><strong>„A MI DALUNK” – EGYEDI, SZEMÉLYRE SZÓLÓ DALSZERZÉS, VÖLGYESI GABIVAL, KOVACSICS ÁDÁMMAL ÉS MAJOR ESZTERREL</strong></a><br>Szeretnétek valami igazán egyedit, ami csakis a Rólatok szól? Legyen saját dalotok! Ajánljuk esküvőre, évfordulóra vagy kisbabátok érkezése miatt, de akár a mindennapok megörökítése céljából is.</li>
</ul>



ngg_shortcode_0_placeholder
