{"id":174,"date":"2023-03-29T08:56:27","date_gmt":"2023-03-29T08:56:27","guid":{"rendered":"https:\/\/zeneielmenyprogram.hu\/?page_id=174"},"modified":"2023-12-01T13:00:55","modified_gmt":"2023-12-01T13:00:55","slug":"cegeknek","status":"publish","type":"page","link":"https:\/\/zeneielmenyprogram.hu\/en\/cegeknek\/","title":{"rendered":"C\u00c9GEKNEK"},"content":{"rendered":"<ul class=\"wp-block-list\">\n<li><a href=\"https:\/\/zeneielmenyprogram.hu\/en\/cegeknek\/dalszerzo-workshop\/\"><strong>DALSZERZ\u0150 WORKSHOP | 10 f\u0151-ig<\/strong><\/a><br>Kovacsics \u00c1d\u00e1m zeneszerz\u0151\/producerrel \u00e9s V\u00f6lgyesi Gabriella el\u0151ad\u00f3m\u0171v\u00e9sszel, avagy \u201eK\u00e9sz\u00edts\u00fck el egy\u00fctt a k\u00f6z\u00f6s himnuszotokat \/ indul\u00f3tokat \/ aktu\u00e1lis popsl\u00e1gereteket!\u201d<\/li>\n<\/ul>\n\n\n\n<ul class=\"wp-block-list\">\n<li><a href=\"https:\/\/zeneielmenyprogram.hu\/en\/cegeknek\/zenei-elmenyprogram\/\"><strong>ZENEI \u00c9LM\u00c9NYPROGRAM | 50 f\u0151-ig<\/strong><\/a><br>Kovacsics \u00c1d\u00e1m zeneszerz\u0151\/producerrel \u00e9s V\u00f6lgyesi Gabriella el\u0151ad\u00f3m\u0171v\u00e9sszel, avagy pillantsatok be a zene vil\u00e1g\u00e1nak kulissz\u00e1i m\u00f6g\u00e9 \u00e9s k\u00f6zben \u00edrjunk dalt!<\/li>\n<\/ul>\n\n\n\n<ul class=\"wp-block-list\">\n<li><a href=\"https:\/\/zeneielmenyprogram.hu\/en\/cegeknek\/koncert-talkshow\/\"><strong>KONCERT + TALKSHOW | L\u00e9tsz\u00e1mkorl\u00e1t n\u00e9lk\u00fcl<\/strong><\/a><br>a Unique zen\u00e9szeivel, Kovacsics \u00c1d\u00e1m zeneszerz\u0151\/producerrel \u00e9s V\u00f6lgyesi Gabriella el\u0151ad\u00f3m\u0171v\u00e9sszel.<\/li>\n<\/ul>","protected":false},"excerpt":{"rendered":"","protected":false},"author":1,"featured_media":0,"parent":0,"menu_order":0,"comment_status":"closed","ping_status":"closed","template":"","meta":{"ngg_post_thumbnail":0,"_themeisle_gutenberg_block_has_review":false,"footnotes":""},"class_list":["post-174","page","type-page","status-publish","hentry"],"_links":{"self":[{"href":"https:\/\/zeneielmenyprogram.hu\/en\/wp-json\/wp\/v2\/pages\/174","targetHints":{"allow":["GET"]}}],"collection":[{"href":"https:\/\/zeneielmenyprogram.hu\/en\/wp-json\/wp\/v2\/pages"}],"about":[{"href":"https:\/\/zeneielmenyprogram.hu\/en\/wp-json\/wp\/v2\/types\/page"}],"author":[{"embeddable":true,"href":"https:\/\/zeneielmenyprogram.hu\/en\/wp-json\/wp\/v2\/users\/1"}],"replies":[{"embeddable":true,"href":"https:\/\/zeneielmenyprogram.hu\/en\/wp-json\/wp\/v2\/comments?post=174"}],"version-history":[{"count":17,"href":"https:\/\/zeneielmenyprogram.hu\/en\/wp-json\/wp\/v2\/pages\/174\/revisions"}],"predecessor-version":[{"id":901,"href":"https:\/\/zeneielmenyprogram.hu\/en\/wp-json\/wp\/v2\/pages\/174\/revisions\/901"}],"wp:attachment":[{"href":"https:\/\/zeneielmenyprogram.hu\/en\/wp-json\/wp\/v2\/media?parent=174"}],"curies":[{"name":"wp","href":"https:\/\/api.w.org\/{rel}","templated":true}]}}

CÉGEKNEK

<ul class="wp-block-list">
<li><a href="https://zeneielmenyprogram.hu/en/cegeknek/dalszerzo-workshop/"><strong>DALSZERZŐ WORKSHOP | 10 fő-ig</strong></a><br>Kovacsics Ádám zeneszerző/producerrel és Völgyesi Gabriella előadóművésszel, avagy „Készítsük el együtt a közös himnuszotokat / indulótokat / aktuális popslágereteket!”</li>
</ul>



<ul class="wp-block-list">
<li><a href="https://zeneielmenyprogram.hu/en/cegeknek/zenei-elmenyprogram/"><strong>ZENEI ÉLMÉNYPROGRAM | 50 fő-ig</strong></a><br>Kovacsics Ádám zeneszerző/producerrel és Völgyesi Gabriella előadóművésszel, avagy pillantsatok be a zene világának kulisszái mögé és közben írjunk dalt!</li>
</ul>



<ul class="wp-block-list">
<li><a href="https://zeneielmenyprogram.hu/en/cegeknek/koncert-talkshow/"><strong>KONCERT + TALKSHOW | Létszámkorlát nélkül</strong></a><br>a Unique zenészeivel, Kovacsics Ádám zeneszerző/producerrel és Völgyesi Gabriella előadóművésszel.</li>
</ul>
